What is the highest common factor of m and 76?
19
Suppose 0 = 6*u + 14 - 134. Let t(z) = z - 18. Let h be t(12). Let c be (2 + 13)*(-4)/h. Calculate the highest common divisor of u and c.
10
Let w be (24/21)/4 - 508/14. Let i = -19 - w. Suppose -p = 4 - i. What is the greatest common divisor of 117 and p?
13
Suppose -18 = -14*l + 24. Suppose f + 197 = 5*h, -5*h = -6*f + l*f - 191. Calculate the greatest common divisor of h and 100.
20
Let p = -8680 + 10291. What is the greatest common divisor of 27 and p?
9
Let m(d) = 19*d**2 + 43*d - 105. Let z be m(12). What is the greatest common factor of z and 3?
3
Let t(c) = -37*c**2 - 5*c + 17. Let h(o) = 19*o**2 + 3*o - 8. Let k(l) = 9*h(l) + 4*t(l). Let b be k(-4). What is the highest common divisor of 21 and b?
21
Let n(k) = k**3 - 13*k**2 - 86*k + 198. Let r be n(18). Calculate the greatest common factor of r and 486.
54
Let s(o) = 2*o + 3. Suppose -2*u = 8, 4*u = 3*t + 2*t - 41. Let y be s(t). Suppose -b + 33 - y = 0. Calculate the highest common factor of b and 4.
4
Let b(t) = 2*t**3 + 245*t**2 + 115*t - 839. Let c be b(-122). Calculate the greatest common factor of c and 4035.
15
Let y = -27 + 47. Let v(c) = -c + 60. Let z be v(y). Let l = -134 - -144. What is the highest common divisor of l and z?
10
Suppose -114*u + 113*u - 3*n = -32, u - 4*n - 25 = 0. What is the greatest common divisor of 899 and u?
29
Suppose 2*j - 1696 = 4*m, 5*m = 5*j - 3610 - 635. What is the greatest common factor of 272 and j?
34
Let y = -40 + 104. Let x = y + 672. Calculate the greatest common factor of x and 8.
8
Suppose 8*t + 7*t - 60 = 0. Suppose 4*c - 608 = 2*o, -t*c + 563 = 2*o - 61. What is the highest common factor of c and 42?
14
Suppose 0 = -2*p - 0*p + 288. Suppose 67*l - 7*l = 1620. What is the highest common factor of p and l?
9
Let v(h) = 19*h**2 - 36*h + 201. Let w be v(7). Let l = -852 + w. What is the greatest common divisor of l and 8?
4
Let y(c) = 5*c**3 + 3*c**2 - 22*c + 21. Let z be y(2). What is the highest common factor of 10 and z?
1
Let x = 11305 - 11296. Calculate the greatest common divisor of 531 and x.
9
Suppose 0 = -3*h + 2*k + 1096, -6*h - 5*k - 1459 = -10*h. Suppose 16*z - h = 178. What is the highest common divisor of z and 425?
17
Suppose -48 = k - 4*k. Let f = 77 - -355. Suppose -4*s = 5*s - f. What is the greatest common divisor of k and s?
16
Let t = 4759 - 4450. What is the highest common factor of 412 and t?
103
Let y be 1640/72 - (-10)/45. Suppose y*d - 25*d = -80. What is the highest common divisor of d and 8?
8
Let i(h) = 29*h - 42. Let x(y) = y**2 - 5*y + 7. Let r be x(5). Let s be i(r). What is the highest common divisor of 46 and s?
23
Suppose m = 3*t - 9, 3*m + 17 = 2*t + 6*m. Suppose -4*n + 4*l + 168 = 0, -t*l - 8 = n - 30. What is the greatest common factor of 266 and n?
38
Let y be 4/5 - (-13184)/320. Suppose 2*o + 4*l - 1427 = 157, 5*l = -4*o + 3177. Calculate the greatest common factor of o and y.
42
Suppose 2*w - 8 = 0, 3*w + 101 - 9 = 2*t. Let z = 220 + t. What is the greatest common divisor of 48 and z?
16
Suppose -40574 = 90*c - 203474. Calculate the greatest common factor of c and 543.
181
Let o(k) = -k**3 - 69*k**2 + 73*k - 227. Let g be o(-71). What is the highest common divisor of g and 160?
32
Suppose 190*d - 133*d = 82251. What is the highest common divisor of 429 and d?
39
Let t = -49 - -97. Suppose -5*x = s - 0 - 5, -5*s - 2*x + t = 0. Calculate the greatest common divisor of 65 and s.
5
Suppose -185 - 319 = 7*s. Let x = s - -22. Let t be (-12 + 14)/((-1)/x). What is the greatest common divisor of t and 25?
25
Suppose 265*y + 2066 = 12310 + 10956. Suppose -2*g = 5*b + 1 + 13, -2*g = -b + 2. Let s = b + 18. What is the highest common divisor of s and y?
16
Suppose 3*j + 4*x = 15607, 64*x - 69*x - 15679 = -3*j. Calculate the highest common divisor of 52 and j.
13
Let t(z) = z**2 - 54*z + 337. Let a be t(47). Calculate the highest common divisor of a and 4564.
4
Let d be 9/5 + 1/5. Suppose -4*t + 659 = 5*b, 2*b = -d*t + 29 + 233. Calculate the greatest common divisor of b and 15.
15
Let c = -19922 - -19942. What is the greatest common factor of 3050 and c?
10
Suppose 4*m = -0*m + 80. Let c be (-112)/(-42) - 4*1/(-12). Suppose u = -2*t + m, -c*u = -t - 40 - 34. What is the highest common factor of u and 216?
24
Let v be ((-43)/43)/(2/(-6)). Suppose 0 = v*j - 7*a + 6*a - 46, a = 4*j - 63. Calculate the greatest common factor of 272 and j.
17
Let x(g) = -56*g + 1155. Let o be x(19). Calculate the greatest common factor of o and 6643.
91
Let f = -74 - -60. Let u = f - -55. Suppose -4*l + 44 = 5*o, 15 = 4*l + 2*o - u. What is the greatest common factor of 40 and l?
8
Let c(p) = -p**3 + 70*p**2 + 145*p - 58. Let r be c(72). What is the greatest common factor of 3878 and r?
14
Suppose -2*l + 192 = 4*c - 0*l, 4*c + 3*l - 188 = 0. Let h = c - -12. Suppose -h*o = -65*o + 210. Calculate the greatest common divisor of o and 14.
14
Let b(y) = -2*y**3 - y**2 + y + 1. Let s be b(-2). Suppose -3*c = -12*c + 6237. Suppose 4*f + 5*f - c = 0. Calculate the greatest common divisor of f and s.
11
Let k(u) = -13*u + 1. Let o be k(-2). Let i be (o/18)/(2/4). Suppose -5*v + 150 = 5*t, i*t + 2*t - 150 = 4*v. What is the greatest common factor of t and 330?
30
Let n be ((-2)/1)/(-10 - 0) - (-4728)/985. Let o(r) = -14*r. Let z be o(-5). Calculate the highest common factor of n and z.
5
Let g be 3/((-6)/14)*24/28. Let j(s) = 44*s + 15. Let a be j(g). Let w = a - -348. Calculate the highest common divisor of w and 11.
11
Let j be ((-1)/(-7) - (-2288)/56) + -7 + 11. What is the highest common divisor of 4170 and j?
15
Let q = 1316 + -1310. Let d be (2/1)/(10/25). Let n(a) = -a**3 + 8*a**2 - 7*a + 2. Let h be n(d). What is the greatest common divisor of q and h?
6
Suppose -3*s - 365*i = -367*i - 18, 0 = 2*s - 2*i - 12. Let z(p) = -p**3 + 17*p**2 + 3*p + 15. Let b be z(17). Calculate the greatest common divisor of b and s.
6
Suppose -28 + 134 = 123*p - 140. Let o(n) = -n**3 - 6*n**2 + 4. Let x be o(-6). What is the greatest common factor of x and p?
2
Let u = 2458 + -2433. Calculate the greatest common divisor of u and 425.
25
Let g be (30*40)/3 + 27 + -21. What is the highest common divisor of g and 196?
14
Suppose -3*k = -5*x - 7, 4*k - 17 = 4*x - 5. Suppose l - 59 = -k*v, 6*v = v - 5. Let j be 8 + -1 + 0/(-1). Calculate the greatest common factor of l and j.
7
Let c(n) = 3*n**3 + 101*n**2 - 46*n + 26. Let l be c(-34). Let h = -389 + l. Calculate the highest common divisor of h and 180.
45
Suppose 4*m - 2*q = 4844, -4*m + 5*q + 3399 = -1439. Calculate the highest common factor of m and 24.
12
Let j = 691 - 526. Suppose 166*t - 245 = j*t. What is the greatest common divisor of t and 5?
5
Suppose 9*n = 16*n - 49. Let h be 10/(490/357) - 2/n. Calculate the highest common divisor of 133 and h.
7
Let t be (128/(-6))/((-2)/24). Suppose -774 = -19*s - 242. Let f be 41 + -2 - s/4. What is the highest common divisor of t and f?
32
Suppose -l - 1 = 0, -2*k = 24*l - 27*l - 47. Calculate the greatest common divisor of 583 and k.
11
Let m = 5684 + -5682. What is the highest common factor of m and 194?
2
Let g be 2/(77/78 + -1). Let y = g - -480. What is the greatest common divisor of y and 4?
4
Let p = -128 + 212. Let i = 172 - p. Suppose 5*b + 2*q = 92, -3*q + 4*q + 5 + 4 = 0. What is the greatest common factor of i and b?
22
Let p = -1503 - -1511. Calculate the highest common factor of 680 and p.
8
Let x be (816/20)/(132/30 - 4). Suppose 17*z = 102 + x. Calculate the highest common factor of 30 and z.
6
Suppose q - 10 = -4*v - 3, 3*v - 5*q - 34 = 0. Suppose 5*x - f - 98 = -22, 2*x = 5*f + 35. Let z = 48 - x. Calculate the highest common divisor of z and v.
3
Let i(m) = -m**3 - 10*m**2 - 15*m + 10. Suppose -33*d - 5*w = -36*d + 1, 0 = -5*w - 25. Let a be i(d). Calculate the greatest common divisor of a and 32.
2
Let h(z) = 185*z**3 - z**2 + z. Let v be h(1). Suppose -3*b = -5*g + 561, 2*g = -31*b + 27*b + 214. Calculate the greatest common factor of g and v.
37
Let a be 3 + (-275943)/(-57) + 78/(-741). Calculate the greatest common divisor of 28 and a.
28
Let n(o) = 107*o + 33. Let k be n(-8). Let r = 1287 + k. What is the highest common factor of 58 and r?
58
Let p(y) = 46*y + 8717. Let v be p(-4